 Suppose -4*a = i - 36, -2*a = 2*a + 4*i - p. What is the tens digit of a?
1
What is the units digit of (4 + -2 - 26)*-1?
4
Suppose 0*l + 4*l - 224 = 0. Let u = l - 40. What is the units digit of u?
6
Let g = 0 - 0. Let w be (-38)/(-9) + (-24)/108. Suppose g*q + 20 = w*q. What is the units digit of q?
5
Suppose -6 = 2*n - 4*n. Let c(h) = -h**2 - h + 1. Let i be c(-2). What is the units digit of ((-8)/6)/(i/n)?
4
Let s be (-75)/(-9) - (-3)/(-9). Let v(n) = -n**2 + 8*n + 1. Let h be v(s). Suppose 0 = -z + 3 + h. What is the units digit of z?
4
What is the units digit of 1 + 12/3 + -3?
2
Suppose -2*w - 4 = 6*l - l, -2*w = 3*l. Let h = -17 - -26. Let x = h - w. What is the units digit of x?
6
Let c(p) = 120*p - 5. Let u be c(2). Suppose 2*s + 174 = 5*g, -5*g - 64 = -3*s - u. What is the units digit of g?
6
Let u be 12 + 3 + -1 + -1. Suppose 3*p - u = 35. What is the units digit of p?
6
Let t = -71 - -138. What is the units digit of t?
7
Let a(m) = -m**2 + 5*m + 3. Let o be a(5). Let p = o + -2. Let t(v) = 8*v - 1. What is the units digit of t(p)?
7
Let u be (-400)/5 + (0 - 0). Let x be (u/(-25))/(2/5). Suppose x*m - 80 = 3*m. What is the units digit of m?
6
Suppose 4*s - 8 = -0*s. Suppose 0*d - 57 = -5*y - 4*d, -s*y - 3*d + 27 = 0. Suppose 0 = 2*u - y - 15. What is the units digit of u?
2
Let b = -25 + 82. What is the units digit of b?
7
What is the tens digit of 1*-3 + 324/6?
5
Let b(x) = 4*x**2 + 2*x - 1. Let u be b(1). Let o = -8 + u. What is the units digit of 9/1*(-1)/o?
3
Let s(u) = -u**3 + 13*u**2 - 2*u + 19. Let t be s(13). Let l(w) = -4*w + 8. What is the tens digit of l(t)?
3
Let f be 0 - (-2 - 24/3). Let h = 16 - f. Suppose -b - n + 6 = 2*b, -2*n = 4*b - h. What is the units digit of b?
3
Suppose 2 = -5*t + 12. Let h be (-1)/(t/(-10))*4. Let k = h - 6. What is the tens digit of k?
1
Let d be 1 - (2 + -6) - 2. Let p be 3 - 2 - (-1 + 2). Suppose -j + 5 = p, 75 = 6*q - q + d*j. What is the tens digit of q?
1
What is the units digit of -2*(434/4)/(-7)?
1
Let r(v) = v - 6. Let l(o) = 3*o - 1. Let j be l(3). Let t be r(j). Suppose -s - 4 = y + 2*s, 2*s = -t*y. What is the units digit of y?
2
What is the tens digit of ((-9)/2)/((-1)/6)?
2
Suppose 51 = -2*d + 5*d. What is the tens digit of d?
1
What is the units digit of (1560/(-36))/(2/(-3))?
5
Let j(k) = 11*k + 2. Let v be j(-1). What is the units digit of (3*(-96)/v)/2?
6
Let l(w) = 2*w - 3. Let r be l(3). Let z(j) be the second derivative of 2*j**3/3 - j**2 - 2*j. What is the units digit of z(r)?
0
Suppose 5*i = 11 + 9. Suppose 0 = -i*y + 3*y - 10. Let h = y - -20. What is the units digit of h?
0
Let n(g) be the third derivative of -g**5/60 + g**4/3 + 2*g**3/3 + 2*g**2. Suppose 4*u - 4*d - 23 = 1, 0 = 5*u - 2*d - 36. What is the units digit of n(u)?
4
Let u(b) be the first derivative of -b**4/4 + 3*b**3 - 4*b**2 + 8*b + 3. Suppose 0*a + 8 = a. What is the units digit of u(a)?
8
Let t(d) = 97*d + 3. What is the tens digit of t(1)?
0
Suppose -5*p - 7 = l + l, 3*l = -5*p - 3. Suppose 7*v - 69 = l*v. What is the tens digit of v?
2
Let i = -44 + 100. What is the units digit of (54/8)/(21/i)?
8
Let s = 745 + -406. What is the units digit of s?
9
Let i be 1/1*(-16)/(-4). Let d(b) = b**2 + 2*b - 4. Let r be d(-4). Suppose -r*y = n - 3, i*n - 2*n - 36 = 2*y. What is the units digit of n?
5
Suppose -4*c - c = -2*m + 31, 0 = 3*m + c - 21. What is the tens digit of (-1)/2 + 212/m?
2
Let q be (4/(-3))/((-12)/(-234)). Let p = q + 56. What is the units digit of (-12)/(-5)*p/9?
8
Let r = 38 + -80. Let p = r + 71. What is the units digit of p?
9
Let d(l) = l**2 - 2*l + 2. Let u = -5 - -2. Let n = u + 5. What is the units digit of d(n)?
2
Suppose 2*o = 3*o + 2. Let n = o + 2. Suppose -5*p - 3*t + 11 = n, -5*t + 8 + 5 = 3*p. What is the units digit of p?
1
Let n = -6 + 24. Let v be (n/2)/((-6)/(-4)). Suppose -4 = 2*d - v*d. What is the units digit of d?
1
Let c(l) = l**2 + 4*l + 6. Let u be 22/6 + (-2)/(-6). Suppose k = -u - 1. What is the tens digit of c(k)?
1
Suppose -f + 3 = -2, -55 = -5*z - 5*f. What is the units digit of z?
6
Let k = -1 + 5. What is the units digit of k/(4/11) - 1?
0
Suppose 0 = 3*d + 5*k - 44, -2*d + 3*k = 5*k - 28. What is the units digit of d?
3
Let z be (4 - -2)/(-2) + 13. Suppose 3*y = 5*v + z, -3*v - 2*v = y - 30. What is the tens digit of y?
1
Suppose -h + 64 = j + 10, 3*h + 2*j - 161 = 0. What is the tens digit of h?
5
Let k = 4 + 12. Suppose 3*c = c + k. What is the units digit of c?
8
Let b = 16 + 13. What is the tens digit of b?
2
Suppose 525 + 153 = 3*x. What is the hundreds digit of x?
2
Let g = 25 - 17. What is the units digit of (4/2)/(g/64)?
6
Suppose 0 = o + 3*o + 4. Let x = -5 + o. What is the units digit of 4 + (x - -2) + 2?
2
Let c(x) = 5*x**2 + 4*x - 2. Let w(u) = 3*u**2 + 2*u - 1. Let h(n) = -6*c(n) + 11*w(n). What is the units digit of h(2)?
9
Let w be (-2)/5*(2 + -42). Suppose w = 2*p - 2*j + j, -3*p = -3*j - 30. Let b = -5 + p. What is the units digit of b?
1
Suppose 2*b + 8 = 4*b. Suppose -6*n + b*y = -3*n - 32, 16 = -n - 4*y. Let g = n + -1. What is the units digit of g?
3
What is the units digit of 5*((-22716)/(-315) + (-4)/(-14))?
2
Let i = -31 + 49. What is the units digit of i?
8
Suppose -5*g + 81 + 64 = 0. What is the units digit of g?
9
Let d(s) = -s**2 - 3*s + 3. Let p be d(-3). Suppose -4*t - p = -11. Let n = 5 - t. What is the units digit of n?
3
Let a = 54 - 4. Suppose 3*t - a = -14. What is the units digit of t?
2
Let a be -1 + (1 - -30) + -1. Suppose 8 = 2*z + 2. Suppose -z*x + a = 8. What is the units digit of x?
7
What is the units digit of 16 + (6 - 1) + -4?
7
Let g be -6*3/(-6) - 4 - -9. Let v be (-9)/(-2 + 1)*-1. Let h = g - v. What is the tens digit of h?
1
Suppose -9*u + 20 = -7*u. What is the tens digit of (36/u)/((-36)/(-120))?
1
Let d = 9 + -8. What is the units digit of d + 5 + (-6 - -3)?
3
Suppose -2*o = 3*v + 4, 3*v + 14 = -0*v - 4*o. Suppose v = -2*g + 4. Suppose -f + 6 - g = 0. What is the units digit of f?
5
Suppose -b - p - 4*p + 44 = 0, -5*p = -4*b + 151. What is the tens digit of b?
3
Let w(c) = -c. Let q be w(-8). Suppose p = q + 2. What is the tens digit of p?
1
Let x(t) = -3*t - 2*t + t**2 + 5 - 4*t - 2*t**2. What is the units digit of x(-9)?
5
Suppose 2*u - 25 = -3*u, -9 = 2*y - u. Let a = 2 + y. Suppose -3*j = -a*j - 24. What is the units digit of j?
8
What is the units digit of ((-108)/(-15))/(6/40)?
8
Let h(i) = -i**3 + 8*i**2 - 7*i + 7. Let d be h(7). Suppose -d*z + 3*z = -48. Let x = 24 - z. What is the tens digit of x?
1
Suppose 0 = -g - 4 + 101. What is the tens digit of g?
9
Let x(l) = -3*l**2 + l + 8*l**2 + 12*l**2. What is the units digit of x(-1)?
6
Suppose -30 = 6*k - 3*k. Let i = k + 20. What is the units digit of i?
0
Suppose -2*o = -3*m + 5 + 6, 4*o = -m - 1. Suppose -x = -m*x + p + 19, -2*x + 3*p = -13. Suppose -2*n = -5*r + 23, -x = -3*r + 4. What is the units digit of n?
1
Suppose 5*l + 6 = 131. Let d = l + -18. Let b = 2 + d. What is the units digit of b?
9
Let o(s) be the second derivative of s**3/3 - s**2/2 + 3*s. What is the tens digit of o(6)?
1
What is the units digit of (-70)/25*1*(-14 + -1)?
2
Let h be ((-18)/15)/(6/(-20)). Suppose 4*a - h*o - 1 = 11, -6 = 2*o. Suppose -5*q + 13 = 2*l, 0 = -a*q + 2*q + 4*l - 18. What is the units digit of q?
1
Let f(l) = l**3 + 10*l**2 + 9*l - 8. Let t(a) = -2*a - 4. Let n be t(2). What is the units digit of f(n)?
8
Let f(c) = -c**3 + 13*c**2 + 13*c - 4. What is the units digit of f(13)?
5
Let d(p) = p**2 - 7*p + 4. Let s be d(7). Suppose 2 = y - 0*y + 5*h, y = s*h - 7. What is the units digit of ((-2)/y)/(2/3)?
1
Suppose x - 5 = -3. Suppose -5*c - 5 = -4*i, 5*i - 11 = 4*c + 2. Suppose x*g - t = c*t + 24, -5*t + 22 = 4*g. What is the units digit of g?
8
Let h(a) = 6*a**2 + 6*a + 34. What is the tens digit of h(-8)?
7
Let j = 11 + -10. What is the units digit of j?
1
Let i(y) = -y**3 - 4*y**2 + 6*y + 1. What is the units digit of i(-6)?
7
Suppose -3 = -4*n - v + 21, 0 = -5*v + 20. What is the units digit of n?
5
Let g = 200 - 25. What is the tens digit of g?
7
Let x(j) = j + 5. Let o be x(-6). What is the units digit of (-3 + 20 - 2) + o?
4
Suppose 3*y = -3*i + 4*y - 3, 5*i - 6 = -2*y. Let t be (1 - (-4)/(-2))*i. Let r(l) = l + 11. What is the units digit of r(t)?